j + 16. What is the remainder when (-2)/4*1*-58 is divided by d(0)?
13
Let a(q) = q**3 + 14*q**2 + 13*q + 6. Let c be a(-5). Suppose g = -2*l + c, 279 = 3*l - 3*g + 21. What is the remainder when l is divided by 29?
26
Let d(p) = -7*p**2 + 464*p - 91. Calculate the remainder when 69 is divided by d(66).
28
Let t(h) = -34*h + 322. Calculate the remainder when t(6) is divided by 33 + -2 - (-4 + 5).
28
Let q(v) = v**3 - 7*v**2 + 10*v - 16. Calculate the remainder when 255/11 - (-2)/(-11) is divided by q(6).
7
Suppose 116 + 117 = 26*s + 51. Suppose -5*i + 2*i - 27 = -r, 5*r + i = 119. Calculate the remainder when r is divided by s.
3
Suppose -52*x + 741 = -39*x. Calculate the remainder when x is divided by 22.
13
Let n = 386 - -610. Calculate the remainder when n is divided by 111.
108
Let i(m) = m**3 - 4*m**2 - 2*m. Let z be i(6). Suppose -6*n + 306 + z = 0. Calculate the remainder when n is divided by 33.
28
Suppose b - 45 = 3*c, -6*c = -4*c + 2*b + 30. What is the remainder when 5 is divided by 3/(((-6)/c)/((-2)/(-5)))?
2
Suppose 0 = -2*t + 5*y + 139, -41 = -t + y + 24. Let j = 385 + -139. Calculate the remainder when j is divided by t.
60
Let o(p) = p + 9. Let v(t) = t + 9. Let l(s) = 3*o(s) - 4*v(s). Suppose 7 = -3*h - 32. Calculate the remainder when 14 is divided by l(h).
2
Let a(t) = -t + 52. Let o be a(0). Let z be (-1 - o)*(-3)/1. Suppose -7*y + 4*y = -z. What is the remainder when y is divided by 14?
11
Let y(t) = 41*t. Let r(m) = -3*m + 26. Let q be r(8). Suppose 0 = -w - q*x + 5, -2*w - 3*x = 2*w - 35. Calculate the remainder when y(1) is divided by w.
8
Let j(q) = q**2 + 8*q + 10. Suppose -2*f = -0*f - 2, -x + 2 = f. Let b = x - 8. Calculate the remainder when 3 is divided by j(b).
0
Let g = -11 + 13. Suppose -g*v + 33 = -9. What is the remainder when v is divided by (-1 - -17 - 0)/2?
5
Let m(y) = -1 - 3*y + y**3 + 9*y + 3*y + 10 + 9*y**2. Let i be m(-7). Suppose -l - 3*l = -i. What is the remainder when 43 is divided by l?
10
Let a = 3 + 0. Let l = -1 + a. Suppose 26 = i - 5*b, 0 = b + 4. What is the remainder when i is divided by l?
0
Suppose i = -c + 115, i + 24*c - 117 = 25*c. Calculate the remainder when 575 is divided by i.
111
Suppose -5*i + 10 = -0*i. Let d be (451/(-2))/(i/(-4)). Suppose 5*w - d = 2*m + 6, w + m - 97 = 0. Calculate the remainder when w is divided by 24.
21
Let p(f) be the third derivative of f**6/40 + f**5/30 + 5*f**4/24 - 5*f**3/3 + 31*f**2. Calculate the remainder when p(3) is divided by 21.
20
Let u = 1468 - 1257. Calculate the remainder when u is divided by 71.
69
Suppose -k + 5*k - 152 = 0. Calculate the remainder when k is divided by (1/(-5))/((-106)/6890).
12
Let x(k) = 2*k**2 + 4*k + 3. Let c be x(-2). Suppose 2*t = 5*h + 11, 2*t - c = 3*h + 6. Calculate the remainder when 23 + (0 - -3) - t is divided by 8.
7
Suppose -26*x + 32*x - 108 = 0. What is the remainder when 89 is divided by x?
17
Let j(h) = 36*h - 641. Calculate the remainder when 459 is divided by j(18).
4
Suppose 274 = 3*r - 2*s, -3*s - 28 = r - 134. Suppose 0 = -3*o + 3, 4*h - 4*o = r - 18. Calculate the remainder when h is divided by 5.
0
Suppose -3*v + 17 = -19. Let i = -21 + v. Calculate the remainder when 20 is divided by (i + 2)*(1 + -2).
6
Let n = 282 - 199. Calculate the remainder when n is divided by 39.
5
Let r(g) = -g**2 + 3*g + 5. Let x be r(3). Suppose -x*n = -n - 48. Let k = -8 + n. What is the remainder when 4 is divided by k?
0
Suppose -6*n = n - 490. Suppose -3*m + 44 = -n. What is the remainder when m is divided by 21?
17
Calculate the remainder when 58/(66/(-9) + 8) is divided by 50.
37
Let i(g) = -g + 1. Let l(z) = -1. Let t(o) = 5*i(o) + 6*l(o). Let r be t(-1). Suppose -r*k = 31 - 79. What is the remainder when 22 is divided by k?
10
Let w(h) = 57*h - 26. What is the remainder when w(4) is divided by 66?
4
Let v(x) be the second derivative of 0 - 1/20*x**5 - 4*x**2 + 2/3*x**3 - 2/3*x**4 + 4*x. What is the remainder when v(-9) is divided by 20?
17
Let a(l) = 6*l - 57. Let d be a(14). Suppose 19*j - 20*j + d = 0. Calculate the remainder when 90 is divided by j.
9
Suppose -t + o - 30 = -104, 0 = -5*t - 5*o + 330. Suppose t = 2*j + 12. Suppose -5*c + 266 + 9 = 0. Calculate the remainder when c is divided by j.
26
Suppose 0 = 2*r - 1627 - 1281. What is the remainder when r is divided by 14?
12
Let u = 221 + -71. Let g = -69 - -107. What is the remainder when u is divided by g?
36
Suppose 24*v - 1112 - 808 = 0. What is the remainder when v is divided by 22?
14
Calculate the remainder when 51 is divided by -52*(1 - 4)/6.
25
Let i(p) = p**2 - 2*p. Let n be i(2). Let j(h) = 48*h**3 + 54*h**3 + 4*h**2 - 5*h**2 + 12 - 103*h**3 - h. What is the remainder when 21 is divided by j(n)?
9
Let h = 100 - 56. What is the remainder when h is divided by 2/(3 + (-210)/72)?
20
Let v = 84 + -76. Calculate the remainder when 66 is divided by v.
2
Let m = 10 - 8. Let b = 115 + -47. Calculate the remainder when 32 is divided by (-3)/m*b/(-6).
15
Suppose 5*u + 3*q = 96, 2*u + 5*q + 5 = 32. What is the remainder when ((-104)/1)/((-4 - 1) + 4) is divided by u?
20
Let b(w) = 51*w + 2. Let c be b(3). Let q = c + -85. What is the remainder when -3 - ((-12)/3 - q) is divided by 24?
23
Let b = -10 + 20. Suppose 2*i = 5*a - 12, 10*a - 5*a = -5*i + 40. Let m = b - a. What is the remainder when 9 is divided by m?
3
Suppose -2*l + 104 = 3*w, -48*l - w - 145 = -51*l. What is the remainder when l is divided by 23/1 - 1*-2?
24
Suppose 28*a = -5*k + 30*a + 44, 0 = 2*k - 5*a - 47. Let u = 2 + 4. Calculate the remainder when u is divided by k.
0
Suppose 2*y - 196 = 70. Suppose 5*o - 10 = -z + 6*z, 4*z = 2*o - 6. Suppose -u + o + 24 = -3*v, -12 = -4*v. What is the remainder when y is divided by u?
31
Let k = -17 + 8. Let y(r) = r**2 + 2*r - 11. Let x be y(6). Let s = x + k. What is the remainder when s is divided by 15?
13
Let x = -6652 - -10043. What is the remainder when x is divided by 87?
85
Suppose b = 5*w - 9, -3*b - 2*w - 67 = 3*w. Suppose -3*d - g = -108, -15*g = -16*g. Let s = b + d. Calculate the remainder when s is divided by 10.
7
Let d = 24 - 4. Suppose d = -0*a + 5*a. Calculate the remainder when 8 is divided by ((-3)/(-2))/(a/8).
2
Suppose 5*g + 1478 = -6*x + 10*x, -x = -4*g - 364. What is the remainder when x is divided by 5?
2
Suppose t + 0*t + 13 = 0. Let i = t - -18. Calculate the remainder when 103 is divided by ((-4)/i)/((-2)/65).
25
Suppose 897*v - 48 = 893*v. Let y(w) = 6*w**2 - 4*w + 2. What is the remainder when y(3) is divided by v?
8
Suppose -22 = -3*q + 4*p, -3*p - 9 = -4*q + 25. What is the remainder when 688 is divided by q?
8
Let g = -39 - -50. What is the remainder when g is divided by 11?
0
Let m = 16356 - 16335. Let h(r) = 7*r**3 + 2*r**2 - 3*r. What is the remainder when h(2) is divided by m?
16
Suppose -5*z + 254 = g, z + 134 = 4*z - 4*g. Suppose 5*o - 5*j = -0*j + z, 0 = 2*o + 3*j. Calculate the remainder when 16 is divided by o.
4
Let s(d) = -d**2 + 41*d - 157. What is the remainder when 802 is divided by s(5)?
20
Suppose 0 = -5*b + i, 0 = 3*b - 7*b + 2*i. Suppose b = -4*o - u + 116, -3*o = 4*u - 0*u - 100. Let s = o - 25. Calculate the remainder when 15 is divided by s.
0
Let f(g) = -g**3 + 5*g**2 + 5*g - 7. Suppose -125 = -7*d + 162. Let l = 75 - d. Calculate the remainder when l is divided by f(5).
16
Let r be ((-8)/(-12))/(5/(-15)). What is the remainder when 6 is divided by 1/(r/(-15) + (-16)/(-80))?
0
Let t be -1 + 0 + 1 + 2. Suppose 16 = -g + t*g. Calculate the remainder when (2/(-10))/((-134)/30150) is divided by g.
13
Let c(v) = v**2 + 12*v + 17. Let i be c(-13). Let u be (-132)/i - 2/(-5). Let k = u - -11. Calculate the remainder when 17 is divided by k.
3
Suppose -174*h + 427 = -167*h. Calculate the remainder when 259 is divided by h.
15
Let s be (-2 - 0) + -2*(-1 + -1). Suppose -s*q + 4 = -6. Calculate the remainder when q is divided by 2.
1
Let c(m) = -m**3 - m**2 + m + 2. What is the remainder when c(0) is divided by 20/(2040/187) + 5/(-6)?
0
Let s(v) = 13*v - 7. Let m be s(3). Suppose 3*j - m = 28. Calculate the remainder when j is divided by 8.
4
Suppose 0 = -5*w - 4*t + 11, t + 0 = -5*w + 14. Suppose -77 = -w*j - 59. Calculate the remainder when 13 is divided by j.
1
Let w = -1043 + 1070. Calculate the re